ts digit of 910?
0
What is the tens digit of 1735?
3
What is the thousands digit of 11508?
1
What is the thousands digit of 1290?
1
What is the units digit of 136762?
2
What is the thousands digit of 4563?
4
What is the hundreds digit of 132190?
1
What is the hundreds digit of 1714?
7
What is the thousands digit of 16312?
6
What is the thousands digit of 1054?
1
What is the hundreds digit of 114339?
3
What is the hundreds digit of 11743?
7
What is the units digit of 925?
5
What is the tens digit of 1624?
2
What is the units digit of 13146?
6
What is the thousands digit of 1412?
1
What is the units digit of 6?
6
What is the units digit of 12946?
6
What is the units digit of 1188?
8
What is the hundreds digit of 121984?
9
What is the thousands digit of 9917?
9
What is the hundreds digit of 176?
1
What is the tens digit of 2048?
4
What is the hundreds digit of 2585?
5
What is the hundreds digit of 2200?
2
What is the units digit of 7138?
8
What is the units digit of 131?
1
What is the units digit of 627?
7
What is the thousands digit of 2131?
2
What is the tens digit of 1432?
3
What is the hundreds digit of 8839?
8
What is the thousands digit of 5990?
5
What is the units digit of 406?
6
What is the units digit of 25338?
8
What is the tens digit of 411?
1
What is the units digit of 1432?
2
What is the tens digit of 89028?
2
What is the tens digit of 978?
7
What is the tens digit of 7597?
9
What is the thousands digit of 8136?
8
What is the hundreds digit of 2113?
1
What is the tens digit of 982?
8
What is the thousands digit of 3783?
3
What is the thousands digit of 3641?
3
What is the tens digit of 12205?
0
What is the ten thousands digit of 11648?
1
What is the tens digit of 16559?
5
What is the hundreds digit of 4657?
6
What is the ten thousands digit of 35667?
3
What is the units digit of 484?
4
What is the tens digit of 2029?
2
What is the tens digit of 2412?
1
What is the tens digit of 23603?
0
What is the tens digit of 62048?
4
What is the thousands digit of 7346?
7
What is the thousands digit of 7232?
7
What is the hundreds digit of 86851?
8
What is the tens digit of 7591?
9
What is the hundreds digit of 176532?
5
What is the tens digit of 2047?
4
What is the hundreds digit of 28355?
3
What is the units digit of 3412?
2
What is the hundreds digit of 15229?
2
What is the tens digit of 2363?
6
What is the tens digit of 9006?
0
What is the tens digit of 1990?
9
What is the hundreds digit of 1027?
0
What is the thousands digit of 2668?
2
What is the hundreds digit of 9895?
8
What is the thousands digit of 5951?
5
What is the thousands digit of 107913?
7
What is the ten thousands digit of 21273?
2
What is the hundreds digit of 32736?
7
What is the hundreds digit of 50378?
3
What is the thousands digit of 29910?
9
What is the units digit of 34254?
4
What is the hundreds digit of 539?
5
What is the hundreds digit of 1291?
2
What is the thousands digit of 2596?
2
What is the tens digit of 384?
8
What is the units digit of 247?
7
What is the hundreds digit of 605?
6
What is the tens digit of 6510?
1
What is the thousands digit of 2962?
2
What is the tens digit of 1987?
8
What is the tens digit of 11041?
4
What is the hundreds digit of 910?
9
What is the thousands digit of 4615?
4
What is the thousands digit of 68005?
8
What is the ten thousands digit of 10363?
1
What is the tens digit of 8957?
5
What is the ten thousands digit of 88212?
8
What is the tens digit of 6236?
3
What is the tens digit of 573?
7
What is the ten thousands digit of 11396?
1
What is the tens digit of 7154?
5
What is the units digit of 968?
8
What is the thousands digit of 91224?
1
What is the units digit of 4860?
0
What is the hundreds digit of 30625?
6
What is the units digit of 82375?
5
What is the tens digit of 4175?
7
What is the units digit of 1618?
8
What is the thousands digit of 120907?
0
What is the hundreds digit of 47312?
3
What is the thousands digit of 4216?
4
What is the thousands digit of 54667?
4
What is the hundreds digit of 12781?
7
What is the tens digit of 5192?
9
What is the ten thousands digit of 64235?
6
What is the tens digit of 8590?
9
What is the tens digit of 37083?
8
What is the units digit of 189?
9
What is the hundreds digit of 1172?
1
What is the thousands digit of 1719?
1
What is the tens digit of 4515?
1
What is the tens digit of 2698?
9
What is the tens digit of 11346?
4
What is the units digit of 154?
4
What is the hundreds digit of 1116?
1
What is the units digit of 3404?
4
What is the thousands digit of 1042?
1
What is the units digit of 549?
9
What is the units digit of 885?
5
What is the thousands digit of 1410?
1
What is the thousands digit of 4874?
4
What is the thousands digit of 65028?
5
What is the ten thousands digit of 11629?
1
What is the hundreds digit of 7938?
9
What is the tens digit of 946?
4
What is the hundreds digit of 643?
6
What is the units digit of 1489?
9
What is the tens digit of 15841?
4
What is the thousands digit of 1455?
1
What is the units digit of 1068?
8
What is the units digit of 40163?
3
What is the hundreds digit of 104718?
7
What is the thousands digit of 2087?
2
What is the hundreds digit of 612?
6
What is the tens digit of 12025?
2
What is the tens digit of 19?
1
What is the thousands digit of 13841?
3
What is the tens digit of 78934?
3
What is the thousands digit of 1473?
1
What is the thousands digit of 121145?
1
What is the ten thousands digit of 20507?
2
What is the hundreds digit of 18475?
4
What is the units digit of 23884?
4
What is the tens digit of 7956?
5
What is the tens digit of 1380?
8
What is the hundreds digit of 269?
2
What is the hundreds digit of 578?
5
What is the hundreds digit of 8320?
3
What is the units digit of 750?
0
What is the thousands digit of 32852?
2
What is the ten thousands digit of 78706?
7
What is the tens digit of 6944?
4
What is the units digit of 898?
8
What is the tens digit of 2730?
3
What is the hundreds digit of 1634?
6
What is the hundreds digit of 127606?
6
What is the thousands digit of 29954?
9
What is the tens digit of 412?
1
What is the tens digit of 49580?
8
What is the units digit of 11588?
8
What is the tens digit of 492?
9
What is the thousands digit of 4677?
4
What is the units digit of 1124?
4
What is the tens digit of 69?
6
What is the tens digit of 44567?
6
What is the ten thousands digit of 25521?
2
What is the thousands digit of 51259?
1
What is the hundreds digit of 698?
6
What is the hundreds digit of 22686?
6
What is the tens digit of 904?
0
What is the thousands digit of 2229?
2
What is the thousands digit of 15636?
5
What is the thousands digit of 1577?
1
What is the tens digit of 20373?
7
What is the hundreds digit of 1332?
3
What is the tens digit of 2372?
7
What is the units digit of 104749?
9
What is the units digit of 1483?
3
What is the tens digit of 3450?
5
What is the units digit of 45885?
5
What is the thousands digit of 4498?
4
What is the tens digit of 11928?
2
What is the thousands digit of 1299?
1
What is the hundreds digit of 917?
9
What is the units digit of 1232?
2
What is the hundreds digit of 487?
4
What is the units digit of 11605?
5
What is the thousands digit of 1350?
1
What is the tens digit of 185?
8
What is the units digit of 8349?
9
What is the units digit of 637?
7
What is the hundreds digit of 9364?
3
What is the units digit of 902?
2
What is the thousands digit of 6908?
6
What is the ten thousands digit of 25533?
2
What is the thousands digit of 1849?
1
What is the hundreds digit of 5489?
4
What is the thousands digit of 44435?
4
What is the tens digit of 37478?
7
What is the hundreds digit of 1232?
2
What is the tens digit of 292?
9
What is the units digit of 3?
3
What is the thousands digit of 84378?
4
What is the units digit of 17323?
3
What is the units digit of 29099?
9
What is the ten thousands digit of 23427?
2
What is the tens digit of 105403?
0
What is the units digit of 89699?
9
What is the hundreds digit of 919?
9
What is the tens digit of 411?
1
What is the hundreds digit of 50525?
5
What is the units digit of 1123?
3
What is the tens digit of 744?
4
What is the ten thousands digit of 64849?
6
What is the thousands digit of 5214?
5
What is the thousands digit of 81958?
1
What is the hundreds digit 